{"id":7,"date":"2020-02-10T16:37:35","date_gmt":"2020-02-10T15:37:35","guid":{"rendered":"https:\/\/www.sajo-innovation.de\/blog\/?page_id=7"},"modified":"2020-03-19T16:55:40","modified_gmt":"2020-03-19T15:55:40","slug":"impressum","status":"publish","type":"page","link":"https:\/\/www.sajo-innovation.de\/blog\/impressum\/","title":{"rendered":"Imprint"},"content":{"rendered":"\t\t<div data-elementor-type=\"wp-page\" data-elementor-id=\"7\" class=\"elementor elementor-7\" data-elementor-post-type=\"page\">\n\t\t\t\t\t\t\t\t\t<section class=\"elementor-section elementor-top-section elementor-element elementor-element-58743e11 elementor-section-boxed elementor-section-height-default elementor-section-height-default\" data-id=\"58743e11\" data-element_type=\"section\">\n\t\t\t\t\t\t<div class=\"elementor-container elementor-column-gap-default\">\n\t\t\t\t\t<div class=\"elementor-column elementor-col-100 elementor-top-column elementor-element elementor-element-f53aacb\" data-id=\"f53aacb\" data-element_type=\"column\">\n\t\t\t<div class=\"elementor-widget-wrap elementor-element-populated\">\n\t\t\t\t\t\t\t\t<div class=\"elementor-element elementor-element-dc5ccef elementor-widget elementor-widget-heading\" data-id=\"dc5ccef\" data-element_type=\"widget\" data-widget_type=\"heading.default\">\n\t\t\t\t<div class=\"elementor-widget-container\">\n\t\t\t<h1 class=\"elementor-heading-title elementor-size-default\">Imprint<\/h1>\t\t<\/div>\n\t\t\t\t<\/div>\n\t\t\t\t<div class=\"elementor-element elementor-element-1b38949f elementor-widget elementor-widget-text-editor\" data-id=\"1b38949f\" data-element_type=\"widget\" data-widget_type=\"text-editor.default\">\n\t\t\t\t<div class=\"elementor-widget-container\">\n\t\t\t\t\t\t\t<!-- wp:paragraph -->\n<p>\n\t\t\t\t\t\tsajo GmbH &amp; Co. KG<br>\n\t\t\t\t\t\tPostfach 1132<br>\n\t\t\t\t\t\t52157 Roetgen, Germany\n\t\t\t\t\t<\/p>\n<!-- \/wp:paragraph -->\n\n<!-- wp:paragraph -->\n<p> Contact:<br> Phone.: +49 176 2198 1495<br> Fax: +49 2471 1356067<br> E-Mail: info@sajo-innovation.de<br> <\/p>\n<!-- \/wp:paragraph -->\n\n<!-- wp:paragraph -->\n<p>Vertreten durch die Gesch\u00e4ftsf\u00fchrer: Dr. Sabine Breun, Dr. J\u00f6rg Baumann<br> Komplement\u00e4r: sajo Verwaltungs GmbH <\/p>\n<!-- \/wp:paragraph -->\n\n<!-- wp:paragraph -->\n<p>\n\t\t\t\t\t\tHandelsregisternummer: HRA 95644<br>\n\t\t\t\t\t\tAmtsgericht: M\u00fcnchen<br>\n\t\t\t\t\t\tUSt-IdNr.: DE272923357\n\t\t\t\t\t<\/p>\n<!-- \/wp:paragraph -->\n\n<!-- wp:paragraph -->\n<p>\n\t\t\t\t\t\tPers\u00f6nliche Fotografie in 2018: Michel Kitenge <a href=\"http:\/\/www.mkpoint.de\" target=\"_blank\" rel=\"noreferrer noopener\">http:\/\/www.mkpoint.de<\/a><br>\n\t\t\t\t\t\tFotografie im Labor: David Fischer<br>\n\t\t\t\t\t\tSabine Breun, J\u00f6rg Baumann\n\n\t\t\t\t\t<\/p>\n<!-- \/wp:paragraph -->\n\n<!-- wp:paragraph -->\n<p>\n\t\t\t\t\tTechnische Umsetzung: <a href=\"http:\/\/www.freisinger-webservice.de\" target=\"_blank\" rel=\"noreferrer noopener\">Freisinger Webservice<\/a>, Heinsberg\n\t\t\t\t\t<\/p>\n<!-- \/wp:paragraph -->\n\n<!-- wp:heading -->\n<h2>Streitschlichtung<\/h2>\n<!-- \/wp:heading -->\n\n<!-- wp:paragraph -->\n<p>Die Europ\u00e4ische Kommission stellt eine Plattform zur Online-Streitbeilegung (OS) bereit: <a href=\"https:\/\/ec.europa.eu\/consumers\/odr\" target=\"_blank\" rel=\"noreferrer noopener\">https:\/\/ec.europa.eu\/consumers\/odr<\/a>.<br> Unsere E-Mail-Adresse finden Sie oben im Impressum.<\/p>\n<!-- \/wp:paragraph -->\n\n<!-- wp:paragraph -->\n<p>Wir sind nicht bereit oder verpflichtet, an Streitbeilegungsverfahren vor einer Verbraucherschlichtungsstelle teilzunehmen.<\/p>\n<!-- \/wp:paragraph -->\n\n<!-- wp:heading {\"level\":3} -->\n<h3>Haftung f\u00fcr Inhalte<\/h3>\n<!-- \/wp:heading -->\n\n<!-- wp:paragraph -->\n<p>Als Diensteanbieter sind wir gem\u00e4\u00df \u00a7 7 \nAbs.1 TMG f\u00fcr eigene Inhalte auf diesen Seiten nach den allgemeinen \nGesetzen verantwortlich. Nach \u00a7\u00a7 8 bis 10 TMG sind wir als \nDiensteanbieter jedoch nicht verpflichtet, \u00fcbermittelte oder \ngespeicherte fremde Informationen zu \u00fcberwachen oder nach Umst\u00e4nden zu \nforschen, die auf eine rechtswidrige T\u00e4tigkeit hinweisen.<\/p>\n<!-- \/wp:paragraph -->\n\n<!-- wp:paragraph -->\n<p>Verpflichtungen\n zur Entfernung oder Sperrung der Nutzung von Informationen nach den \nallgemeinen Gesetzen bleiben hiervon unber\u00fchrt. Eine diesbez\u00fcgliche \nHaftung ist jedoch erst ab dem Zeitpunkt der Kenntnis einer konkreten \nRechtsverletzung m\u00f6glich. Bei Bekanntwerden von entsprechenden \nRechtsverletzungen werden wir diese Inhalte umgehend entfernen.<\/p>\n<!-- \/wp:paragraph -->\n\n<!-- wp:heading {\"level\":3} -->\n<h3>Haftung f\u00fcr Links<\/h3>\n<!-- \/wp:heading -->\n\n<!-- wp:paragraph -->\n<p>Unser\n Angebot enth\u00e4lt Links zu externen Websites Dritter, auf deren Inhalte \nwir keinen Einfluss haben. Deshalb k\u00f6nnen wir f\u00fcr diese fremden Inhalte \nauch keine Gew\u00e4hr \u00fcbernehmen. F\u00fcr die Inhalte der verlinkten Seiten ist \nstets der jeweilige Anbieter oder Betreiber der Seiten verantwortlich. \nDie verlinkten Seiten wurden zum Zeitpunkt der Verlinkung auf m\u00f6gliche \nRechtsverst\u00f6\u00dfe \u00fcberpr\u00fcft. Rechtswidrige Inhalte waren zum Zeitpunkt der \nVerlinkung nicht erkennbar.<\/p>\n<!-- \/wp:paragraph -->\n\n<!-- wp:paragraph -->\n<p>Eine permanente inhaltliche Kontrolle\n der verlinkten Seiten ist jedoch ohne konkrete Anhaltspunkte einer \nRechtsverletzung nicht zumutbar. Bei Bekanntwerden von \nRechtsverletzungen werden wir derartige Links umgehend entfernen.<\/p>\n<!-- \/wp:paragraph -->\n\n<!-- wp:heading {\"level\":3} -->\n<h3>Urheberrecht<\/h3>\n<!-- \/wp:heading -->\n\n<!-- wp:paragraph -->\n<p>Die\n durch die Seitenbetreiber erstellten Inhalte und Werke auf diesen \nSeiten unterliegen dem deutschen Urheberrecht. Die Vervielf\u00e4ltigung, \nBearbeitung, Verbreitung und jede Art der Verwertung au\u00dferhalb der \nGrenzen des Urheberrechtes bed\u00fcrfen der schriftlichen Zustimmung des \njeweiligen Autors bzw. Erstellers. Downloads und Kopien dieser Seite \nsind nur f\u00fcr den privaten, nicht kommerziellen Gebrauch gestattet.<\/p>\n<!-- \/wp:paragraph -->\n\n<!-- wp:paragraph -->\n<p>Soweit\n die Inhalte auf dieser Seite nicht vom Betreiber erstellt wurden, \nwerden die Urheberrechte Dritter beachtet. Insbesondere werden Inhalte \nDritter als solche gekennzeichnet. Sollten Sie trotzdem auf eine \nUrheberrechtsverletzung aufmerksam werden, bitten wir um einen \nentsprechenden Hinweis. Bei Bekanntwerden von Rechtsverletzungen werden \nwir derartige Inhalte umgehend entfernen.<\/p>\n<!-- \/wp:paragraph -->\n\n<!-- wp:paragraph -->\n<p>\n\t\t\t\t\t\t\u00a9 sajo GmbH &amp; Co. KG 2019\n\t\t\t\t\t<\/p>\n<!-- \/wp:paragraph -->\t\t\t\t\t\t<\/div>\n\t\t\t\t<\/div>\n\t\t\t\t\t<\/div>\n\t\t<\/div>\n\t\t\t\t\t\t\t<\/div>\n\t\t<\/section>\n\t\t\t\t\t\t\t<\/div>\n\t\t","protected":false},"excerpt":{"rendered":"<p>sajo GmbH &amp; Co. KG Postfach 1132 52157 Roetgen, Germany Contact: Phone.: +49 176 2198 1495 Fax: +49 2471 1356067 E-Mail: info@sajo-innovation.de Vertreten durch die Gesch\u00e4ftsf\u00fchrer: Dr. Sabine Breun, Dr. J\u00f6rg Baumann Komplement\u00e4r: sajo Verwaltungs GmbH Handelsregisternummer: HRA 95644 Amtsgericht: M\u00fcnchen USt-IdNr.: DE272923357 Pers\u00f6nliche Fotografie in 2018: Michel Kitenge http:\/\/www.mkpoint.de Fotografie im Labor: David Fischer [&hellip;]<\/p>\n","protected":false},"author":1,"featured_media":0,"parent":0,"menu_order":0,"comment_status":"closed","ping_status":"closed","template":"","meta":{"footnotes":""},"acf":[],"_links":{"self":[{"href":"https:\/\/www.sajo-innovation.de\/blog\/wp-json\/wp\/v2\/pages\/7"}],"collection":[{"href":"https:\/\/www.sajo-innovation.de\/blog\/wp-json\/wp\/v2\/pages"}],"about":[{"href":"https:\/\/www.sajo-innovation.de\/blog\/wp-json\/wp\/v2\/types\/page"}],"author":[{"embeddable":true,"href":"https:\/\/www.sajo-innovation.de\/blog\/wp-json\/wp\/v2\/users\/1"}],"replies":[{"embeddable":true,"href":"https:\/\/www.sajo-innovation.de\/blog\/wp-json\/wp\/v2\/comments?post=7"}],"version-history":[{"count":4,"href":"https:\/\/www.sajo-innovation.de\/blog\/wp-json\/wp\/v2\/pages\/7\/revisions"}],"predecessor-version":[{"id":969,"href":"https:\/\/www.sajo-innovation.de\/blog\/wp-json\/wp\/v2\/pages\/7\/revisions\/969"}],"wp:attachment":[{"href":"https:\/\/www.sajo-innovation.de\/blog\/wp-json\/wp\/v2\/media?parent=7"}],"curies":[{"name":"wp","href":"https:\/\/api.w.org\/{rel}","templated":true}]}}